alculate the greatest common divisor of 400 and 428432.
16
What is the greatest common divisor of 108 and 3915837?
27
Calculate the greatest common divisor of 4059289 and 26.
13
What is the greatest common divisor of 399551 and 17?
17
Calculate the greatest common divisor of 12070 and 255.
85
What is the greatest common factor of 3900 and 189000?
300
Calculate the greatest common divisor of 1120 and 2170.
70
Calculate the greatest common factor of 17152 and 201.
67
What is the highest common factor of 1721872 and 1840?
368
What is the highest common divisor of 2527 and 35017?
361
What is the highest common divisor of 248 and 27745?
31
Calculate the greatest common divisor of 1842 and 39.
3
Calculate the highest common factor of 4807 and 12673.
437
What is the highest common factor of 22 and 34199?
11
Calculate the highest common divisor of 50775 and 15.
15
What is the highest common divisor of 330356 and 143?
13
What is the highest common factor of 1296 and 134217?
81
What is the highest common factor of 864 and 17312?
32
What is the highest common divisor of 2555 and 2443?
7
Calculate the highest common factor of 93 and 12679.
31
Calculate the highest common divisor of 5608 and 120.
8
Calculate the greatest common factor of 465 and 4340.
155
What is the greatest common divisor of 25272 and 2028?
156
Calculate the highest common factor of 1123755 and 1995.
285
What is the highest common factor of 12026 and 98?
14
What is the greatest common factor of 3131 and 2424?
101
Calculate the highest common factor of 32 and 54024.
8
Calculate the greatest common divisor of 283088 and 1248.
208
Calculate the highest common divisor of 14 and 421225.
7
What is the highest common factor of 4 and 931240?
4
What is the greatest common factor of 129 and 54008?
43
What is the highest common divisor of 76482 and 1197?
63
What is the highest common divisor of 75 and 69735?
15
Calculate the greatest common factor of 4050 and 2592.
162
What is the highest common divisor of 500 and 347275?
25
Calculate the greatest common factor of 877653 and 27.
9
What is the greatest common divisor of 55122 and 6?
6
Calculate the greatest common divisor of 73484 and 92.
4
Calculate the highest common divisor of 18688122 and 522.
522
Calculate the highest common divisor of 831197 and 69.
23
What is the highest common factor of 2688 and 8988?
84
What is the highest common divisor of 113077 and 73?
73
What is the greatest common divisor of 1681 and 22796?
41
What is the highest common factor of 955 and 329093?
191
What is the greatest common divisor of 19646 and 167618?
418
Calculate the highest common divisor of 24929 and 53713.
257
What is the greatest common divisor of 134090 and 575?
115
Calculate the highest common factor of 3896 and 18019.
487
Calculate the greatest common divisor of 36 and 53364.
12
What is the greatest common factor of 4942398 and 1896?
474
What is the highest common divisor of 150341 and 447?
149
What is the greatest common divisor of 2704 and 198068?
676
What is the greatest common factor of 1003031 and 404?
101
Calculate the highest common divisor of 56264 and 208.
104
What is the greatest common divisor of 710770 and 740?
370
Calculate the highest common factor of 4564 and 1092.
28
What is the highest common factor of 123162 and 91?
13
Calculate the greatest common divisor of 243 and 422523.
27
What is the highest common factor of 24198 and 16350?
654
Calculate the greatest common factor of 9028642 and 2036.
1018
Calculate the greatest common factor of 937712 and 206.
206
What is the greatest common factor of 14697 and 45?
9
Calculate the greatest common factor of 1513 and 14705.
17
What is the greatest common factor of 119612 and 34?
34
Calculate the greatest common factor of 1860 and 21260.
20
Calculate the greatest common divisor of 1974144 and 106.
106
What is the greatest common factor of 1972 and 52751?
493
What is the highest common factor of 178364 and 305?
61
Calculate the greatest common divisor of 2277 and 652671.
207
Calculate the highest common divisor of 280 and 393792.
56
What is the greatest common factor of 465 and 5190?
15
What is the greatest common divisor of 28 and 4549958?
14
What is the greatest common divisor of 11 and 2688554?
11
Calculate the greatest common factor of 116431 and 7.
7
What is the highest common factor of 801395 and 14?
7
Calculate the highest common divisor of 222 and 415806.
222
Calculate the greatest common divisor of 4625 and 3175.
25
Calculate the highest common divisor of 9732008 and 1128.
376
What is the highest common divisor of 174 and 10266?
174
What is the greatest common divisor of 21350 and 20?
10
What is the greatest common divisor of 10162 and 8?
2
Calculate the highest common factor of 3110 and 1690.
10
What is the highest common factor of 612 and 1053456?
204
Calculate the highest common divisor of 273159 and 19296.
603
Calculate the highest common divisor of 2527 and 133.
133
What is the highest common divisor of 4966 and 1118?
26
Calculate the greatest common factor of 3132 and 21492.
108
What is the highest common divisor of 104 and 880529?
13
Calculate the greatest common divisor of 161 and 18193.
161
Calculate the greatest common factor of 4010 and 400.
10
What is the highest common divisor of 11260 and 420?
20
What is the greatest common divisor of 1827 and 333297?
261
What is the greatest common factor of 118 and 809362?
118
Calculate the highest common factor of 16258 and 209.
11
What is the greatest common factor of 9713451 and 99?
33
Calculate the highest common factor of 3843 and 220149.
549
What is the highest common divisor of 657 and 73?
73
What is the greatest common factor of 1088 and 29560?
8
Calculate the highest common factor of 170 and 264310.
10
Calculate the greatest common factor of 312478 and 69.
23
What is the highest common factor of 356087 and 388?
97
What is the highest common divisor of 3696 and 5676?
132
Calculate the greatest common factor of 5681 and 17480.
437
What is the highest common divisor of 9291 and 152?
19
What is the highest common factor of 11563 and 15779?
31
What is the greatest common factor of 188814 and 6?
6
Calculate the greatest common factor of 91 and 1749293.
91
What is the highest common divisor of 12264 and 13578?
438
Calculate the highest common factor of 3540 and 236.
236
Calculate the greatest common factor of 408 and 309111.
51
Calculate the greatest common factor of 1326 and 291642.
78
Calculate the highest common factor of 11721905 and 13.
13
Calculate the highest common divisor of 30712 and 1331.
11
Calculate the greatest common divisor of 4347 and 23667.
483
Calculate the highest common factor of 845456 and 954.
106
What is the greatest common divisor of 14 and 3549?
7
What is the greatest common divisor of 268602 and 534?
534
Calculate the greatest common divisor of 7680 and 102.
6
Calculate the highest common factor of 54 and 120906.
54
Calculate the highest common divisor of 472223 and 31.
31
Calculate the greatest common divisor of 316290 and 195.
195
Calculate the greatest common factor of 4338 and 37355.
241
What is the highest common factor of 8938 and 1025?
41
Calculate the highest common divisor of 15042 and 23.
23
What is the highest common factor of 160 and 1479440?
80
Calculate the greatest common factor of 131389 and 1577.
83
Calculate the greatest common factor of 4590 and 66690.
270
Calculate the highest common factor of 280082 and 638.
638
Calculate the highest common divisor of 1989 and 819.
117
Calculate the highest common divisor of 13257 and 19170.
27
Calculate the highest common divisor of 14175 and 98700.
525
Calculate the greatest common factor of 4031 and 33499.
139
What is the greatest common divisor of 7056 and 4816?
112
Calculate the highest common divisor of 48 and 13856.
16
Calculate the highest common divisor of 1781 and 81.
1
Calculate the greatest common divisor of 305 and 1769.
61
What is the highest common factor of 7598 and 17816?
262
Calculate the greatest common factor of 38001 and 45888.
717
Calculate the highest common factor of 4060 and 4.
4
What is the highest common divisor of 166418 and 28?
14
Calculate the greatest common divisor of 2444 and 1182144.
188
Calculate the greatest common facto